Let j(h) = -h - 4. Let k be (-1)/(-1)*10/(-5). Let r(c) = k*y(c) + 3*j(c). Determine r(4).
-2
Let h = -53 - -49. Let n(k) = -4*k - 3. Determine n(h).
13
Let l be 17/3 - (-4)/(-6). Let i(u) = 0*u + 0 + 1 + u - 3*u. Give i(l).
-9
Let y(c) = c**3 + c**2 - c + 8. Suppose 0 = m - 5*m + 24. Let h = -9 + m. Let u be (3 + h)/2 - 0. Determine y(u).
8
Let a(n) = 3*n + 7. Let u(k) = -4*k - 8. Let g(w) = 5*a(w) + 4*u(w). Let q = 21 - 25. Determine g(q).
7
Let h(r) = -r**3 + 5*r**2 + 7*r - 3. Let c be h(6). Let g be (3/(-1) - 0) + c. Let n(s) = 8 - s + 0*s + 3 + s**2. Give n(g).
11
Let b(a) = -494*a**2 - 1 + 495*a**2 - 2*a + 2*a - 4*a. Calculate b(6).
11
Let a(g) = -g**3 + g**2 + 2*g - 3. Let q(o) = -6*o**3 + 6*o**2 + 11*o - 15. Let i(l) = -11*a(l) + 2*q(l). Determine i(0).
3
Let r(g) = -g**3 - 6*g**2 - 2*g - 5. Let x be r(-6). Let l(t) = t**2 - 6*t - 3. Calculate l(x).
4
Suppose -8 = k + k. Let o(a) = a**2 + 11*a + 7. Let w(u) = u**2 + 12*u + 7. Let j(z) = k*w(z) + 5*o(z). Determine j(-6).
1
Let w(a) = a**3 - 4*a**2 + 2*a - 3. Let q be w(4). Suppose q*r + 5 = -20. Let u(c) = -c. Let k(t) = t**3 + 5*t**2 + 2. Let p(n) = k(n) - u(n). What is p(r)?
-3
Let d(o) = o - 4. Suppose -4*t - 27 + 1 = 5*j, 3*j - 2*t = -20. Let u = 2 - 0. Let b be j + (-3)/((-3)/u). Determine d(b).
-8
Let w(q) = 29*q**2 + q. Let t be w(1). Let g(z) = t*z + 1 - 34*z - 10. Give g(-6).
15
Suppose -2*q + 4 = 2*q. Suppose -1 = s - 2. Let o(u) = -s - 4*u + 2*u**2 + 4*u + 7*u**3. Calculate o(q).
8
Let h(v) = -4*v - 3. Let l = -7 + 5. Calculate h(l).
5
Let t(c) be the second derivative of c**4/12 - c**3/6 - 3*c**2/2 + c. Suppose -3*q = q - 8. Suppose -q*x - 12 = -6*x. Determine t(x).
3
Let q be (-5)/(-2 - (-3 + 2)). Let b = q - 4. Let n(y) = -2*y + b - 1 - 2 + 3*y. Determine n(3).
1
Let p(s) = -s**2 + 2. Let y(m) = 6*m. Let c be y(3). Let t be (-3)/2*48/c. Give p(t).
-14
Let p = 156 + -156. Let v(k) be the second derivative of p + 1/2*k**5 + k + 0*k**3 - 1/2*k**2 + 1/6*k**4. Determine v(1).
11
Let o(y) = -2*y + 6. Suppose -3*w + 3*c = c - 23, 2*w = 4*c + 26. Determine o(w).
-4
Let y(g) = g + 1 - 2 - 1. Let d be y(-4). Let l = d - -1. Let p(h) = h**2 + 7*h + 5. Calculate p(l).
-5
Let x(s) = 15*s - 11. Let i(c) = -7*c + 5. Let p(a) = -13*i(a) - 6*x(a). Suppose -5*r + 40 = -5*j, -2*r = -4*r - 4*j - 2. Suppose 0*q = -r*q - 15. Give p(q).
-2
Let a(y) = -y - 6. Let i be a(-10). Let u(o) be the second derivative of 3*o - 1/12*o**i + 2/3*o**3 + 1/2*o**2 + 0. What is u(5)?
-4
Let a = -3 - -3. Suppose 0*d = d - 2*q - 3, -d + q + 4 = a. Let m(p) = -p + 1. Calculate m(d).
-4
Let n(v) = 5 - 6*v**2 + 5*v**2 - 3 + v + 2. Let s be (-2)/(-3)*9/2. What is n(s)?
-2
Let c(b) be the second derivative of b**3/6 - b**2 + 9*b. Determine c(2).
0
Let m(b) = -b - 7. Let p = 10 + -20. Let t be m(p). Suppose -5*u = -4*r - 8 + t, -5*r - 4*u + 45 = 0. Let q(a) = a + 1. Calculate q(r).
6
Let v be 1 - 2 - (4 - 7). Let d(n) = 10 + v*n - 8 - 5*n. Give d(3).
-7
Let v = 1 + 1. Let b be (-8)/(-2)*(-2)/(-4). Let i(l) = 0*l**b - l - v*l**2 - 3*l**2 + 2*l**2. Determine i(-1).
-2
Let g(t) be the third derivative of t**8/5040 - t**7/2520 + t**6/720 - 7*t**5/60 + 3*t**2. Let i(l) be the third derivative of g(l). Give i(1).
3
Let p(k) = -3*k - 2. Let o be p(-2). Let s(x) = 0 - 2 + o*x**2 - x + 2*x**3 - x**3 + x**2. Suppose 6*u + 25 = u. Calculate s(u).
3
Let f(c) be the third derivative of -c**5/60 + c**4/4 - c**3/2 + 15*c**2. What is f(5)?
2
Suppose i = 4*j - 20, 0 = -4*i + 2*j + j - 15. Let n(s) = s**2 + 20. Give n(i).
20
Let y(r) = -r**3 - 5*r**2 + 7*r - 4. Suppose -16*q + 18*q = -12. What is y(q)?
-10
Let a(q) be the second derivative of 3*q**5/20 - q**4/12 + q**3/3 - q**2/2 + q. Let y be a(1). Let l(s) = -2*s + 4 - 4. What is l(y)?
-6
Let m(k) = k**2 + k + 3. Let x be m(0). Let y be (10/6)/(1/x). Let b(i) = i**3 - 4*i**2 - 4*i - 6. Calculate b(y).
-1
Let v(k) = 2*k + 5. Suppose -2*l = -3 + 13. Let c be (-3 + (-84)/(-20))*l. What is v(c)?
-7
Let q(k) be the third derivative of k**5/60 + 30*k**2. Calculate q(1).
1
Suppose 12 = q + 5*t, 5*q = 3*t - 5*t + 14. Suppose 0 = -b - q, 3*b = -4*h + 2*h. Let n(f) = -f**3 + f**2 + 3*f - 2. Calculate n(h).
-11
Let t(p) = -p**2 - 6*p + 7. Suppose -5*s - 14 + 4 = 0, 3*d + 13 = -2*s. Let l be (3 - 15)/d + -10. Give t(l).
7
Let a(x) be the third derivative of -x**6/120 - x**5/60 - x**4/24 - 4*x**3/3 - 9*x**2. Give a(0).
-8
Let t(w) = 9*w - 5. Let u(s) = -4*s + 2. Let c(x) = -3*t(x) - 7*u(x). Let h be (0 - -1)/(3/9). Suppose -5*n = -h*o - 21, 2*n = 5*o + 6*n - 2. What is c(o)?
-1
Let g(n) = 5*n**3 - 5*n**2 + 5*n + 8. Let k(j) = -j**3 - 1. Let m(o) = -g(o) - 4*k(o). Let w = 26 - 20. Let x be (w - -1) + (-3 - 0). What is m(x)?
-8
Let x be 3*(-1 - 24/(-9)). Suppose x*c - 20 = 0, 2*q = -3*q + 3*c - 22. Let a(y) = y - 2. Calculate a(q).
-4
Let q(t) = -8*t**3 + t**2 - 5. Let g(h) be the third derivative of 7*h**6/120 - h**5/60 + 2*h**3/3 + 3*h**2. Let o(s) = -5*g(s) - 4*q(s). Determine o(-1).
4
Let z(i) = i**3 + 6*i**2 + 5*i + 6. Let q be z(-5). Suppose q*w - 10 = 8. Let b(j) = -j**3 + 5*j**2 - 3*j + 1. Give b(w).
10
Let r(o) = 2*o + 9. Let w be r(-6). Let l(s) = s**3 + 2*s**2 - s - 2. Determine l(w).
-8
Let c(r) = -1. Let u(d) = -d + 5. Let t(a) = -5*c(a) - u(a). Calculate t(5).
5
Let v(d) = d**2 - 6*d - 11. Let s(q) = q + 2. Let r be s(6). Determine v(r).
5
Let k(m) be the second derivative of -m**3/6 + 13*m**2/2 + 3*m. Let p be k(8). Let r(v) = -v**2 + 6*v - 7. What is r(p)?
-2
Let x(s) = -1 + 2 + 0. Let b(c) = -4 + 6*c - 5*c - 1. Let p(h) = b(h) + x(h). Determine p(6).
2
Let m(b) = -12*b. Let w be 0*3/6 + 1. What is m(w)?
-12
Let m(i) = i**2 + 5*i - 2. Let r be m(-6). Let y(z) be the second derivative of z**3/6 - z. Give y(r).
4
Let g(t) = -9*t - 3. Let a(w) = -9*w - 4. Let y(i) = 4*a(i) - 5*g(i). Determine y(1).
8
Let x(w) be the third derivative of -w**4/6 - w**3/2 + 19*w**2. Calculate x(-2).
5
Let r(y) be the third derivative of -y**5/60 - y**4/6 - y**3/2 - 3*y**2. Give r(-6).
-15
Suppose 0 = 4*f - f - 27. Let v(b) = b**3 - 10*b**2 + 9*b - 2. Calculate v(f).
-2
Let m(w) = 2*w + 1. Let t(z) = z**3 - 11*z**2 - z + 10. Let c be t(11). Give m(c).
-1
Let f(u) = -9*u**2 + 18*u - 25. Let d(v) be the third derivative of v**5/12 - 3*v**4/8 + 13*v**3/6 - 2*v**2. Let n(j) = -7*d(j) - 4*f(j). Calculate n(6).
-9
Let d(c) = -6*c. Suppose -2*h - 4 = -4*l, -5*h - 2 + 27 = -3*l. Suppose -h + 10 = 2*w. Calculate d(w).
-6
Suppose -5*k - 2*n + 4*n + 38 = 0, 20 = -5*n. Let v(l) = -9 - 3 + 3 + 3*l. Determine v(k).
9
Let w be 25/(-20)*(-5 + 1). Let l = w + -5. Let x(t) = t - 7. Give x(l).
-7
Suppose -s - 12 = 2*s. Suppose 0 = 2*k - 7*k + 115. Let t(o) = 28 + 2*o - o - k. Determine t(s).
1
Let z = 4 - 3. Let c(b) be the second derivative of -b**4/6 + b**3/6 - 4*b. Calculate c(z).
-1
Suppose -6 - 6 = -2*x. Let i(p) = -p**2 + 5*p + 4. What is i(x)?
-2
Suppose 5*r - 4*r + 24 = -4*v, 0 = -3*v - 4*r - 31. Let c(w) = -w**3 + 5*w + 6. Let b(j) = -2*j**3 + j**2 + 10*j + 13. Let g(s) = 4*b(s) - 9*c(s). Give g(v).
-2
Suppose -2 + 0 = -w. Suppose 4*k + k = 2*i + 15, 0 = -w*i. Let c(g) = 6*g**3 - g**2 - 5*g**k + g**2 - 7. What is c(0)?
-7
Let t(q) = -q**3 + 7*q**2 - 5*q. Let j = 6 - 2. Suppose 33 - 9 = j*s. Determine t(s).
6
Let w(q) = -q**3 - 4*q**2 - q - 1. Suppose 3*v = n - 15, 32 = -5*v + 5*n - n. Give w(v).
3
Let r = 14 - 20. Let v(x) = -14*x**2 + 26*x - 12. Let l(k) = 5*k**2 - 9*k + 4. Let j(b) = r*v(b) - 17*l(b). Calculate j(-5).
-6
Let c(j) = -6*j + j + 0*j**2 - 14 - j**2 + 18. What is c(-6)?
-2
Let l(p) = 2*p - 1. Let j(f) = -34*f - 1. Let q be j(-1). Suppose -5*m + q + 2 = 0. Suppose -2*t - 20 = -m*t. Determine l(t).
7
Let j be (0 - -6)*5/10. Let g be (6/(-7))/(j/(-21)). Let t(b) = b - 1. What is t(g)?
5
Let u(v) = -v + 1. Suppose -i + 2 = -1. Suppose -i*r + 18 = -4*m, 0*r + r - 6 = m. Let d = r + -4. What is u(d)?
-1
Let x(l) = l**2 - 2*l. Suppose -4*u - 5*a = 27, -3*u + 0*a - 4*a = 21. Determine x(u).
15
Let z be (2/(-1))/((-4)/10). Suppose 11 = -2*c - 4*t + 1, 4*t + 19 = -z*c. Let w(q) = -q**3 - 5*q**2 - 2*q + 3. Determine w(c).
-9
Let b = 2 + -3. Let v(w) be the second derivative of -7*w**6/720 - w**5/120 + w**4/6 - w. Let j(l) be the third derivative of v(l). Give j(b).
6
Suppose 5*j = 4 + 21. Let m(k) = -k**3 + 4*